{"id":706,"date":"2022-04-25T09:40:56","date_gmt":"2022-04-25T09:40:56","guid":{"rendered":"https:\/\/mittelschule-dlg.webdesign-schwaben.de\/?page_id=706"},"modified":"2022-09-05T18:59:48","modified_gmt":"2022-09-05T18:59:48","slug":"abschluesse-2","status":"publish","type":"page","link":"https:\/\/jsm-dillingen.de\/index.php\/abschluesse-2\/","title":{"rendered":"Abschl\u00fcsse"},"content":{"rendered":"<p>[et_pb_section fb_built=&#8220;1&#8243; _builder_version=&#8220;4.16&#8243; _module_preset=&#8220;default&#8220; custom_padding=&#8220;||44px|||&#8220; global_colors_info=&#8220;{}&#8220;][et_pb_row _builder_version=&#8220;4.16&#8243; _module_preset=&#8220;default&#8220; global_colors_info=&#8220;{}&#8220;][et_pb_column type=&#8220;4_4&#8243; _builder_version=&#8220;4.16&#8243; _module_preset=&#8220;default&#8220; global_colors_info=&#8220;{}&#8220;][et_pb_text _builder_version=&#8220;4.17.3&#8243; _module_preset=&#8220;default&#8220; text_font=&#8220;Amiko||||||||&#8220; header_font=&#8220;Amiko||||||||&#8220; header_2_font=&#8220;Amiko||||||||&#8220; header_3_font=&#8220;Amiko||||||||&#8220; header_4_font=&#8220;Amiko||||||||&#8220; global_colors_info=&#8220;{}&#8220;]<\/p>\n<h1><strong>Abschl\u00fcsse<\/strong><\/h1>\n<p>[\/et_pb_text][et_pb_text _builder_version=&#8220;4.17.3&#8243; _module_preset=&#8220;default&#8220; text_font=&#8220;Amiko||||||||&#8220; header_font=&#8220;Amiko||||||||&#8220; header_2_font=&#8220;Amiko||||||||&#8220; header_3_font=&#8220;Amiko||||||||&#8220; header_4_font=&#8220;Amiko||||||||&#8220; global_colors_info=&#8220;{}&#8220;]<\/p>\n<p><strong>An der Mittelschule sind verschiedene Abschl\u00fcsse m\u00f6glich. Im folgenden sehen Sie eine Auflistung mit den jeweiligen Voraussetzungen f\u00fcr den erfolgreichen Erwerb.<\/strong><\/p>\n<p>[\/et_pb_text][\/et_pb_column][\/et_pb_row][\/et_pb_section][et_pb_section fb_built=&#8220;1&#8243; _builder_version=&#8220;4.17.3&#8243; _module_preset=&#8220;default&#8220; background_color=&#8220;#f3f3f3&#8243; custom_margin=&#8220;-25px|||||&#8220; custom_padding=&#8220;0px|||||&#8220; hover_enabled=&#8220;0&#8243; global_colors_info=&#8220;{}&#8220; sticky_enabled=&#8220;0&#8243;][et_pb_row _builder_version=&#8220;4.17.3&#8243; _module_preset=&#8220;default&#8220; global_colors_info=&#8220;{}&#8220;][et_pb_column type=&#8220;4_4&#8243; _builder_version=&#8220;4.17.3&#8243; _module_preset=&#8220;default&#8220; global_colors_info=&#8220;{}&#8220;][et_pb_text _builder_version=&#8220;4.17.3&#8243; _module_preset=&#8220;default&#8220; global_colors_info=&#8220;{}&#8220;]<\/p>\n<h2>Erfolgreicher Abschluss der Mittelschule<\/h2>\n<p>[\/et_pb_text][et_pb_text _builder_version=&#8220;4.17.3&#8243; _module_preset=&#8220;default&#8220; global_colors_info=&#8220;{}&#8220;]<\/p>\n<p>Bestehen der 9. Klasse der Mittelschule mit einem Jahreszeugnisschnitt von 4,0 oder besser und maximal 3 mal die Note 5.<\/p>\n<p>[\/et_pb_text][\/et_pb_column][\/et_pb_row][\/et_pb_section][et_pb_section fb_built=&#8220;1&#8243; _builder_version=&#8220;4.17.3&#8243; _module_preset=&#8220;default&#8220; custom_margin=&#8220;-45px|||||&#8220; custom_padding=&#8220;0px|||||&#8220; global_colors_info=&#8220;{}&#8220;][et_pb_row _builder_version=&#8220;4.17.3&#8243; _module_preset=&#8220;default&#8220; global_colors_info=&#8220;{}&#8220;][et_pb_column type=&#8220;4_4&#8243; _builder_version=&#8220;4.17.3&#8243; _module_preset=&#8220;default&#8220; global_colors_info=&#8220;{}&#8220;][et_pb_text _builder_version=&#8220;4.17.3&#8243; _module_preset=&#8220;default&#8220; global_colors_info=&#8220;{}&#8220;]<\/p>\n<h2>Qualifizierender Abschluss der Mittelschule<\/h2>\n<p>[\/et_pb_text][et_pb_text _builder_version=&#8220;4.17.3&#8243; _module_preset=&#8220;default&#8220; global_colors_info=&#8220;{}&#8220;]<\/p>\n<p>Bestehen einer besonderen Pr\u00fcfung (QA) mit einem Gesamtschnitt von 3,0 oder besser.<\/p>\n<p>[\/et_pb_text][\/et_pb_column][\/et_pb_row][\/et_pb_section][et_pb_section fb_built=&#8220;1&#8243; _builder_version=&#8220;4.17.3&#8243; _module_preset=&#8220;default&#8220; background_color=&#8220;#f3f3f3&#8243; min_height=&#8220;197.5px&#8220; custom_margin=&#8220;-50px|||||&#8220; custom_padding=&#8220;0px|||||&#8220; global_colors_info=&#8220;{}&#8220;][et_pb_row _builder_version=&#8220;4.17.3&#8243; _module_preset=&#8220;default&#8220; global_colors_info=&#8220;{}&#8220;][et_pb_column type=&#8220;4_4&#8243; _builder_version=&#8220;4.17.3&#8243; _module_preset=&#8220;default&#8220; global_colors_info=&#8220;{}&#8220;][et_pb_text _builder_version=&#8220;4.17.3&#8243; _module_preset=&#8220;default&#8220; global_colors_info=&#8220;{}&#8220;]<\/p>\n<h2>Mittlerer Schulabschluss an der Mittelschule<\/h2>\n<p>[\/et_pb_text][et_pb_text _builder_version=&#8220;4.17.3&#8243; _module_preset=&#8220;default&#8220; global_colors_info=&#8220;{}&#8220;]<\/p>\n<p>Bestehen einer zentralen Abschlusspr\u00fcfung (mBA) mit einem Gesamtschnitt von 4,0 oder besser.<\/p>\n<p>[\/et_pb_text][\/et_pb_column][\/et_pb_row][\/et_pb_section][et_pb_section fb_built=&#8220;1&#8243; _builder_version=&#8220;4.17.3&#8243; _module_preset=&#8220;default&#8220; min_height=&#8220;567.5px&#8220; custom_margin=&#8220;-73px|||||&#8220; custom_padding=&#8220;19px|||||&#8220; global_colors_info=&#8220;{}&#8220;][et_pb_row _builder_version=&#8220;4.17.3&#8243; _module_preset=&#8220;default&#8220; global_colors_info=&#8220;{}&#8220;][et_pb_column type=&#8220;4_4&#8243; _builder_version=&#8220;4.17.3&#8243; _module_preset=&#8220;default&#8220; global_colors_info=&#8220;{}&#8220;][et_pb_text _builder_version=&#8220;4.17.3&#8243; _module_preset=&#8220;default&#8220; global_colors_info=&#8220;{}&#8220;]<\/p>\n<h2>Schulabschl\u00fcsse f\u00fcr externe Bewerber<\/h2>\n<p>[\/et_pb_text][et_pb_text _builder_version=&#8220;4.17.3&#8243; _module_preset=&#8220;default&#8220; global_colors_info=&#8220;{}&#8220;]<\/p>\n<p>Bewerberinnen und Bewerber, die an der von ihnen besuchten Schule den jeweiligen Abschluss nicht erwerben k\u00f6nnen oder die keiner Schule angeh\u00f6ren, k\u00f6nnen an \u00f6ffentlichen Mittelschulen<\/p>\n<ul class=\"rx_list_lev_1\">\n<li class=\"rx_row_first\">die Pr\u00fcfungen zum <b>erfolgreichen Abschluss der Mittelschule<\/b>,<\/li>\n<li class=\"rx_row_first\"><span>die besonderen Leistungsfeststellungen zum <\/span><b>qualifizierenden Abschluss der Mittelschule<\/b><span> sowie<\/span>\u00a0<\/li>\n<li class=\"rx_row_last\">die Pr\u00fcfungen zum <b>mittleren Schulabschluss an der Mittelschule<\/b><br \/><b><\/b>\n<p>als andere (sog. externe) Bewerberinnen und Bewerber ablegen.<\/p>\n<p>Beim erfolgreichen Abschluss der Mittelschule muss sich die Bewerberin bzw. der Bewerber daf\u00fcr an der zust\u00e4ndige Mittelschule anmelden.<\/p>\n<p>Beim qualifizierenden Abschluss der Mittelschule muss sich die Bewerberin bzw. der Bewerber daf\u00fcr <strong>bis sp\u00e4testens 1. M\u00e4rz<\/strong> an der zust\u00e4ndigen Mittelschule anmelden.<\/p>\n<p>Beim mittleren Schulabschluss an der Mittelschule muss sich die Bewerberin bzw. der Bewerber daf\u00fcr <strong>bis sp\u00e4testens\u00a01. Februar<\/strong> (vgl. \u00a7 33 Abs. 2 Satz 1 MSO) an der zust\u00e4ndigen Mittelschule, die eine Jahrgangsstufe 10 f\u00fchrt, anmelden.<\/p>\n<\/li>\n<\/ul>\n<p>[\/et_pb_text][\/et_pb_column][\/et_pb_row][\/et_pb_section]<\/p>\n","protected":false},"excerpt":{"rendered":"<p>Abschl\u00fcsseAn der Mittelschule sind verschiedene Abschl\u00fcsse m\u00f6glich. Im folgenden sehen Sie eine Auflistung mit den jeweiligen Voraussetzungen f\u00fcr den erfolgreichen Erwerb.Erfolgreicher Abschluss der MittelschuleBestehen der 9. Klasse der Mittelschule mit einem Jahreszeugnisschnitt von 4,0 oder besser und maximal 3 mal die Note 5.Qualifizierender Abschluss der MittelschuleBestehen einer besonderen Pr\u00fcfung (QA) mit einem Gesamtschnitt von 3,0 [&hellip;]<\/p>\n","protected":false},"author":1,"featured_media":0,"parent":0,"menu_order":0,"comment_status":"closed","ping_status":"closed","template":"","meta":{"_et_pb_use_builder":"on","_et_pb_old_content":"","_et_gb_content_width":""},"_links":{"self":[{"href":"https:\/\/jsm-dillingen.de\/index.php\/wp-json\/wp\/v2\/pages\/706"}],"collection":[{"href":"https:\/\/jsm-dillingen.de\/index.php\/wp-json\/wp\/v2\/pages"}],"about":[{"href":"https:\/\/jsm-dillingen.de\/index.php\/wp-json\/wp\/v2\/types\/page"}],"author":[{"embeddable":true,"href":"https:\/\/jsm-dillingen.de\/index.php\/wp-json\/wp\/v2\/users\/1"}],"replies":[{"embeddable":true,"href":"https:\/\/jsm-dillingen.de\/index.php\/wp-json\/wp\/v2\/comments?post=706"}],"version-history":[{"count":10,"href":"https:\/\/jsm-dillingen.de\/index.php\/wp-json\/wp\/v2\/pages\/706\/revisions"}],"predecessor-version":[{"id":1197,"href":"https:\/\/jsm-dillingen.de\/index.php\/wp-json\/wp\/v2\/pages\/706\/revisions\/1197"}],"wp:attachment":[{"href":"https:\/\/jsm-dillingen.de\/index.php\/wp-json\/wp\/v2\/media?parent=706"}],"curies":[{"name":"wp","href":"https:\/\/api.w.org\/{rel}","templated":true}]}}